3*g. What is the highest common divisor of 782 and g?
34
Let x = 20 - 26. Let a = x + 9. Suppose n + 0*n - 42 = a*f, -n = -f - 46. What is the highest common divisor of n and 6?
6
Let y = -731 + 756. Let k = -33 - -34. What is the highest common factor of y and k?
1
Suppose 2*l = 4*q + 236, 0 = 4*l - q - 393 - 72. Calculate the greatest common factor of l and 29.
29
Let a = -16 + 10. Let z be 61 - (0 - (a + 3)). Let r be (6405/(-315))/(1/(-3)) + -3. Calculate the greatest common divisor of r and z.
58
Let m = 639 - -573. What is the highest common divisor of 24 and m?
12
Let y(n) = n**2 - 13*n - 143. Let i be y(29). Suppose 0 = p - 605 + i. Calculate the highest common factor of p and 213.
71
Suppose 22*w = 16*w + 36. Let c be w*((-15)/(-10) + 2). Suppose 2*s - 20 = -2*h, 0 = -h - 2*h + 5*s + 6. What is the highest common divisor of h and c?
7
Let f be 315/30*(-10)/(-3). Suppose -3*y = -3*o - 84, -4*o + 112 = -3*y + 7*y. Let g be (y/(-2))/(-1 - 1). What is the greatest common factor of f and g?
7
Let d = 254 + -106. Let m = d - 126. Suppose -2 - 4 = -3*t. What is the greatest common divisor of m and t?
2
Suppose -140 = 4*m - 9*m. Suppose 32*o - 4 = m*o. Let r be 36/3 - -4*o. Calculate the highest common divisor of r and 64.
16
Suppose -5*b + 111 = -2*v, 830 - 838 = -4*v. Calculate the greatest common divisor of 437 and b.
23
Let r be -1*(-2)/(-8) + 55/44. Let i be (-23 - 1)/((-2)/10*r). What is the greatest common factor of 210 and i?
30
Let t(i) = -i**3 - 12*i**2 + 5. Let u be t(-12). Suppose -u*m = -1057 - 218. Let v = m - 150. Calculate the greatest common divisor of 21 and v.
21
Let i = 309 + -155. Suppose -2*w = -241 - 11. Calculate the highest common factor of w and i.
14
Let a = 4646 - 4626. Let h = -489 + 1069. Calculate the highest common factor of a and h.
20
Let n(m) = -m**3 - 3*m**2 + 7*m - 5. Let b be n(7). Let z = b - -875. Let s = 52 + -13. What is the highest common divisor of z and s?
39
Suppose 64 = -0*k + k + 2*y, 0 = -5*y + 20. Suppose -4*n + k + 325 = -3*l, 0 = l + 3. What is the greatest common divisor of n and 155?
31
Let u(v) = 13*v + 328. Let b be u(-19). Suppose -b*w = -98*w + 1054. Calculate the greatest common factor of w and 372.
62
Let h be (0 - (-305)/(-3))/((-366)/1098). Suppose 4*t - k + 2 - 250 = 0, -2*t + 126 = -k. What is the highest common factor of t and h?
61
Suppose 4*l - z = -21, 2*l - 3*z + 8 = -15. Let x be (-1 - 2 - -72) + l. Suppose 7 = 2*o - x. What is the greatest common factor of 18 and o?
18
Suppose -a + 0*a + 3*z + 64 = 0, -4*a + 205 = 5*z. Let k(i) = -4*i**3 - 225*i**2 - 78*i - 1166. Let v be k(-56). What is the greatest common factor of v and a?
11
Suppose 24813*f - 24786*f - 956583 = 0. Calculate the greatest common factor of 71 and f.
71
Suppose 0 = 3*h + g - 1208, 174 - 158 = 2*g. Calculate the greatest common divisor of h and 1975.
25
Suppose -5*h = 2*z - 77, -113*z = -110*z + 12. What is the greatest common factor of h and 2771?
17
Suppose 413475 = 51*m - 242589. Calculate the greatest common factor of 32 and m.
32
Let t = -18583 - -19271. Calculate the highest common divisor of 7396 and t.
172
Let a(d) = d**2 + 467*d + 7341. Let y be a(-16). Calculate the greatest common divisor of y and 675.
25
Suppose 743*w - 745*w - 3*a = -208, 0 = 4*w - 2*a - 288. Suppose -3*t - 3*g + 135 = 0, g = t - 33 - 18. Calculate the greatest common divisor of w and t.
16
Let y(o) = -66 - 13*o + 5*o**2 - 3*o + 12*o - 3*o**2. Let i be y(7). What is the highest common factor of i and 44?
4
Let i be (-58800)/3600*90/(-14). Suppose 0 = -b + 3*o + o + 76, 0 = 2*b - 4*o - 136. What is the greatest common factor of i and b?
15
Let s(a) = -a**3 + 35*a**2 + 2*a + 4. Let b be s(35). Let p = -70 + b. What is the highest common factor of 4 and p?
4
Let h be 42/(-11) - (-6)/(-33). Let x(f) = 12 - 2*f - 46*f**2 - 14 + 50*f**2. Let k be x(h). What is the highest common divisor of k and 14?
14
Let r be 50/(-275) - (-400)/22. Suppose -5*m + r = y, y - 4*y + 2*m = -20. Suppose 0 = y*p + 3*p - 22. Calculate the highest common factor of 32 and p.
2
Suppose 23*w - 5 = 18*w. Let i be ((-3)/6*2*w)/1. Let b be i + -1 + (-1353)/(-11). Calculate the greatest common divisor of 11 and b.
11
Suppose -3*l + 39 = x + l, -x + l + 19 = 0. Suppose -10*w = -x*w + 3887. Calculate the highest common factor of 26 and w.
13
Let b(g) = -207*g - 801. Let a be b(-4). Calculate the greatest common factor of a and 6507.
27
Let w = -264 - -776. What is the highest common divisor of 20 and w?
4
Let n = 6185 - 6042. Calculate the greatest common factor of n and 247.
13
Let y(v) = -1442*v - 4576. Let s be y(-10). What is the highest common factor of 92 and s?
92
Let t(v) = -v**3 + 17*v**2 - 12*v - 3. Let i be t(16). Suppose 0 = a + 5*m - i, a - 4*m + 7*m - 57 = 0. What is the greatest common divisor of a and 204?
51
Let v be (90/4 - -1)*26. Suppose 123*b = 166*b + 149*b - 2496. Calculate the highest common factor of v and b.
13
Let i be (-9435)/(-666) - (51/(-18) + 3). Calculate the highest common factor of 1967 and i.
7
Let h(x) = -2*x**3 - 58*x**2 + x + 29. Let p be h(-29). Suppose 5*n - 10*q + 11*q - 1529 = 0, p = -2*q - 2. Calculate the greatest common factor of 102 and n.
102
Suppose 2*k + 7 = 3*k. Suppose 0 = -2*j - 5*o - 372, 327 + 429 = -4*j - 4*o. Let y = -114 - j. What is the highest common factor of k and y?
7
Let a(u) = -27*u + 671. Let g be a(22). Suppose 2*r - 365 = 7*r. Let z = g + r. What is the greatest common divisor of 16 and z?
4
Let c(q) = -90*q + 107. Let z be c(-7). Calculate the greatest common divisor of z and 77.
11
Suppose 3*m - u = 55, -13*m = -16*m - 10*u + 143. Calculate the highest common divisor of 4431 and m.
21
Suppose 0 = 3*c - 18, -3*h - 40*c + 951 = -39*c. What is the greatest common divisor of 2079 and h?
63
Suppose 0 = l - 5*b - 148, 0*l - 4*l - 5*b + 492 = 0. Let q = -383 + 399. What is the greatest common factor of l and q?
16
Let v = 136 + -140. Let t be -2 + (12/(-16)*v - -27). What is the greatest common factor of 56 and t?
28
Let x(h) = h**3 - 18*h**2 + 75*h + 351. Let a be x(32). What is the greatest common factor of 21 and a?
7
Let q(v) = -19*v**3 - v**2 - 4*v. Let u be q(-4). Calculate the highest common factor of u and 128.
64
Let p(o) = 9*o - 3. Let m be ((-34)/(-6) - 5)*6/4. Let d be p(m). What is the highest common factor of 16 and d?
2
Let b = -64 - -72. Let a(l) = -l. Let p(o) = o**2 - 17*o - 29. Let n(q) = a(q) - p(q). Let z be n(17). Calculate the greatest common divisor of b and z.
4
Let b be 11/(77/14) + (2 - 0). Suppose 0 = 4*f, 26 = b*s - 3*f - 178. Suppose -2*q + s = -7*k + 2*k, -q + k = -24. What is the highest common factor of 1 and q?
1
Let d be (2 - 5)*(371 + -3). Let l be d/23*(-2)/4. Let b = -17 + 33. What is the highest common divisor of l and b?
8
Let d = -1104 - -1137. Suppose -7 = -3*p + 11. What is the greatest common factor of p and d?
3
Let b(t) = -66*t - 617. Let c be b(-40). Calculate the greatest common factor of c and 21.
7
Suppose -5*t = -4*p - t + 32, 0 = 5*p + 5*t - 50. What is the greatest common divisor of p and 12?
3
Let c(q) = -85*q**3 - 16*q**2 + 14*q + 4*q**2 + 84*q**3 + 16. Let w be c(-13). Let n be (6 + 3 - 4)*w. Calculate the greatest common factor of 5 and n.
5
Let g = -30 + 63. Let a(p) = -12*p**3 + 2*p**2 + 8*p + 11. Let v be a(-2). What is the greatest common factor of g and v?
33
Suppose -5*y - 4*w = -0*w - 72, 0 = -2*w + 6. Suppose r - 21 - 21 = 0. What is the highest common factor of y and r?
6
Let r be ((-5)/5 - 1)/((-4)/26). Let u be (-12 + 1)*(12 - r). Let j(o) = o + 17. Let c be j(u). Calculate the greatest common divisor of 252 and c.
28
Suppose 95*p = 198*p - 96717. What is the greatest common divisor of 12 and p?
3
Let o be 625 - ((-6)/(-4))/3*-4. Let h = -515 + o. Calculate the highest common divisor of h and 16.
16
Let y(x) = 4*x**2 + 6*x - 197. Let i be y(-19). What is the highest common divisor of i and 412?
103
Let g be ((-1)/2)/(5/(-40)). Let t be -9*1*6/(-27). Suppose t*n = 2*p + 222, -2*n + 0*p + 217 = -3*p. Calculate the greatest common divisor of n and g.
4
Suppose -10*p - 8*p = 234. Let t = p - -28. Calculate the highest common factor of 480 and t.
15
Suppose r - 2*s = -3*s + 5, 0 = -r - 3*s + 9. Suppose 0 = 6*x - r*x - 108. What is the g